True
Is 20905068361 a composite number?
False
Is 624131129 a composite number?
True
Is 316313587 a prime number?
True
Is 3254899885 a prime number?
False
Is 4129420417 composite?
False
Is 12243568489 composite?
False
Is 2731163659 composite?
True
Is 13574686331 prime?
False
Is 59848419641 prime?
False
Is 582662551 a composite number?
False
Is 28540556569 a composite number?
True
Is 13069733519 composite?
False
Is 11356956041 prime?
True
Is 27912179885 prime?
False
Is 3883546279 a composite number?
True
Is 2274743891 a composite number?
True
Is 139628486 prime?
False
Is 640255667 composite?
True
Is 464618751 a prime number?
False
Is 57712583 prime?
True
Is 4857468263 composite?
False
Is 6226422239 a prime number?
True
Is 11418401 composite?
False
Is 74104844309 a prime number?
True
Is 61383117449 a prime number?
True
Is 7085671477 a composite number?
False
Is 10202771369 a prime number?
False
Is 41986851323 composite?
False
Is 23165588437 a prime number?
False
Is 832576397 a prime number?
True
Is 120059529841 composite?
False
Is 2664164611 prime?
True
Is 7681453441 composite?
True
Is 3760312729 a composite number?
False
Is 170953329 a composite number?
True
Is 223365641537 prime?
True
Is 2333788549 prime?
True
Is 128729685679 a prime number?
False
Is 1309464887 a composite number?
False
Is 3036921647 composite?
False
Is 23068423757 a composite number?
False
Is 3353898473 composite?
True
Is 26205252127 a prime number?
True
Is 26383071097 prime?
True
Is 3270015519 a prime number?
False
Is 10991371289 prime?
True
Is 26707554593 prime?
True
Is 23909926555 a prime number?
False
Is 1675792043 prime?
False
Is 11390363777 prime?
False
Is 359328341 a composite number?
False
Is 278050001 prime?
True
Is 2678544926 composite?
True
Is 65305061831 a composite number?
False
Is 97718039 composite?
True
Is 13017240319 prime?
True
Is 74890719031 a composite number?
False
Is 32378738597 prime?
False
Is 43264293113 prime?
True
Is 758253977 composite?
True
Is 3279379697 a prime number?
False
Is 3127753481 prime?
True
Is 123380549 a prime number?
True
Is 42930982021 prime?
True
Is 879448723 a composite number?
True
Is 1057483027 a prime number?
False
Is 3328550521 a prime number?
True
Is 466622309 prime?
False
Is 19638418939 a composite number?
False
Is 1743110839 prime?
False
Is 12469903 prime?
False
Is 70914983 composite?
False
Is 235401539 a composite number?
False
Is 379782641765 a composite number?
True
Is 16482154289 a prime number?
False
Is 207100034641 prime?
False
Is 8608954723 prime?
True
Is 1457638597 composite?
False
Is 1989216241 composite?
False
Is 159334604537 composite?
False
Is 18577701937 prime?
True
Is 419549597 prime?
False
Is 762733879 a composite number?
False
Is 67246801261 a prime number?
False
Is 82484234542 prime?
False
Is 14386289977 prime?
True
Is 90128531 prime?
True
Is 5803409113 prime?
True
Is 29326381103 a composite number?
False
Is 188037601 a composite number?
True
Is 1124665931 a prime number?
False
Is 2930263447 a composite number?
True
Is 8869340993 a prime number?
True
Is 183371313659 composite?
False
Is 4680176047 a prime number?
True
Is 18404099557 composite?
True
Is 186386229079 a composite number?
False
Is 342059483 a prime number?
True
Is 60148119077 composite?
True
Is 6770276743 a prime number?
False
Is 60708705458 a prime number?
False
Is 371509399 composite?
False
Is 607295959 composite?
False
Is 17375929 composite?
False
Is 65755583317 prime?
True
Is 155127367 a prime number?
True
Is 3890145533 prime?
True
Is 23010608783 prime?
False
Is 61029654041 composite?
True
Is 46660371203 a composite number?
False
Is 3656595301 composite?
False
Is 3010908007 a prime number?
True
Is 1656044263 composite?
False
Is 24473369 a prime number?
False
Is 146732861501 prime?
False
Is 53105597 prime?
False
Is 1095375959 composite?
True
Is 2639749279 a prime number?
False
Is 42793242383 prime?
False
Is 25823620873 composite?
True
Is 45243932401 a composite number?
False
Is 1475717651 a composite number?
True
Is 442157333 composite?
True
Is 4089460979 a composite number?
False
Is 705729359 prime?
True
Is 1169728951 a prime number?
True
Is 1460020853 composite?
False
Is 256239077 prime?
True
Is 563651347 a prime number?
False
Is 4197676603 a prime number?
False
Is 96671615513 a prime number?
False
Is 28866907969 a composite number?
False
Is 1647621319 a composite number?
False
Is 3349392191 a prime number?
False
Is 57050267 a composite number?
False
Is 3665614319 a composite number?
False
Is 17254606711 a prime number?
True
Is 76228945669 a prime number?
True
Is 316512389 prime?
True
Is 56597604845 a composite number?
True
Is 376277265709 prime?
True
Is 4965053285 a composite number?
True
Is 35578069 composite?
False
Is 56233357 prime?
True
Is 164827243 a prime number?
False
Is 3250941571 a composite number?
False
Is 7681409111 a prime number?
True
Is 169189628851 composite?
False
Is 138702439 a composite number?
True
Is 57062053 composite?
True
Is 2970272189 a composite number?
True
Is 3390154111 a composite number?
False
Is 98983319507 a prime number?
True
Is 22972805429 a prime number?
False
Is 704389219 a composite number?
False
Is 4152735089 composite?
True
Is 1984986271 a prime number?
True
Is 512874991 a prime number?
True
Is 2678216659 prime?
False
Is 117997109039 a composite number?
True
Is 31671198337 composite?
False
Is 962649559 prime?
True
Is 26173541167 a composite number?
True
Is 419168747 prime?
False
Is 4466833609 composite?
True
Is 7705998893 a prime number?
True
Is 2862980453 composite?
True
Is 2633203271 prime?
False
Is 2539800638 composite?
True
Is 30982507279 a composite number?
False
Is 56594551033 composite?
False
Is 1654408981 prime?
False
Is 834542867 composite?
True
Is 1422399859 a prime number?
False
Is 96373099 a prime number?
False
Is 7269124283 a composite number?
False
Is 1002826157 a prime number?
True
Is 12247730311 a composite number?
False
Is 608319241 a prime number?
True
Is 311808961 a composite number?
True
Is 14725086527 a composite number?
False
Is 1865116007 composite?
True
Is 1268371361 a prime number?
True
Is 285347117279 prime?
False
Is 60388713137 a prime number?
False
Is 6645355123 a composite number?
True
Is 12667297337 a composite number?
False
Is 129103655 prime?
False
Is 2428633013 prime?
False
Is 857125733 a composite number?
True
Is 74976323 prime?
True
Is 237251531453 a prime number?
False
Is 3519608857 a prime number?
True
Is 6642506029 composite?
False
Is 65146694411 a prime number?
True
Is 2024605577 prime?
True
Is 1167277189 prime?
False
Is 539302723 a prime number?
False
Is 17033943683 a prime number?
True
Is 8942455591 a prime number?
False
Is 793738193 a composite number?
False
Is 14036117639 prime?
True
Is 1170448831 composite?
False
Is 21055519231 composite?
False
Is 4785736673 a composite number?
False
Is 2586141293 a composite number?
False
Is 713326363 prime?
False
Is 497182537 prime?
False
Is 779814407 prime?
False
Is 2464940473 a prime number?
True
Is 15710912647 composite?
True
Is 11279353331 a prime number?
True
Is 43979828807 composite?
False
Is 2712397407 a composite number?
True
Is 492064567 a composite number?
False
Is 5206309607 composite?
False
Is 60287584883 composite?
True
Is 4297663661 prime?
True
Is 12762227227 a prime number?
True
Is 26170567999 prime?
True
Is 1693294439 prime?
False
Is 170307421 prime?
False
Is 6863071231 a prime number?
True
Is 373892413 prime?
False
Is 532517017 a prime number?
True
Is 10068708638 a composite number?
True
Is 82901359147 composite?
True
Is 55216474559 a prime number?
False
Is 1124053783 prime?
False
Is 67587027293 prime?
False
Is 88990331 a composite number?
False
Is 716590697 prime?
True
Is 388019059 a composite number?
False
Is 2626226651 a composite number?
False
Is 2807812687 composite?
False
Is 229610119 composite?
True
Is 6303398837 a composite number?
True
Is 1157801867 prime?
True
Is 3938925371 prime?
True
Is 32595834587 a prime number?
False
Is 78888701579 prime?
True
Is 30086930561 prime?
True
Is 2404835617 composite?
False
Is 3959224041 composite?
True
Is 393811247 composite?
False
Is 75584975953 composite?
True
Is 577825147 prime?
True
Is 32707772683 composite?
False
Is 137333563703 composite?
True
Is 3328221655